{"id":1495,"date":"2022-11-11T05:00:58","date_gmt":"2022-11-11T04:00:58","guid":{"rendered":"https:\/\/ateljehelene.se\/?post_type=product&#038;p=1495"},"modified":"2025-10-19T15:45:13","modified_gmt":"2025-10-19T13:45:13","slug":"gront-dekorband-mobelband-italia","status":"publish","type":"product","link":"https:\/\/ateljehelene.se\/nb\/produkt\/gront-dekorband-mobelband-italia\/","title":{"rendered":"Gr\u00f8nn m\u00f8belteip Italia 15 mm"},"content":{"rendered":"","protected":false},"excerpt":{"rendered":"<p>Gr\u00f8nn dekorativ tape Italia m\u00f8belteip<br \/>\nGrunnfarge gr\u00f8nn, skimrende i ulike farger\/nyanser<br \/>\nselges per meter<br \/>\n15 mm<\/p>","protected":false},"featured_media":1498,"template":"","meta":{"_ti_tpc_template_sync":false,"_ti_tpc_template_id":""},"product_brand":[],"product_cat":[466,213,79,80],"product_tag":[204,205,214],"class_list":["post-1495","product","type-product","status-publish","has-post-thumbnail","product_cat-cordongband","product_cat-dekorband","product_cat-band","product_cat-mobelband","product_tag-band","product_tag-dekorband","product_tag-mobelband","first","instock","taxable","shipping-taxable","purchasable","product-type-simple"],"exclude_global_add_ons":[],"addons":[],"gallery_images":[1499,1498],"_links":{"self":[{"href":"https:\/\/ateljehelene.se\/nb\/wp-json\/wp\/v2\/product\/1495","targetHints":{"allow":["GET"]}}],"collection":[{"href":"https:\/\/ateljehelene.se\/nb\/wp-json\/wp\/v2\/product"}],"about":[{"href":"https:\/\/ateljehelene.se\/nb\/wp-json\/wp\/v2\/types\/product"}],"wp:featuredmedia":[{"embeddable":true,"href":"https:\/\/ateljehelene.se\/nb\/wp-json\/wp\/v2\/media\/1498"}],"wp:attachment":[{"href":"https:\/\/ateljehelene.se\/nb\/wp-json\/wp\/v2\/media?parent=1495"}],"wp:term":[{"taxonomy":"product_brand","embeddable":true,"href":"https:\/\/ateljehelene.se\/nb\/wp-json\/wp\/v2\/product_brand?post=1495"},{"taxonomy":"product_cat","embeddable":true,"href":"https:\/\/ateljehelene.se\/nb\/wp-json\/wp\/v2\/product_cat?post=1495"},{"taxonomy":"product_tag","embeddable":true,"href":"https:\/\/ateljehelene.se\/nb\/wp-json\/wp\/v2\/product_tag?post=1495"}],"curies":[{"name":"wp","href":"https:\/\/api.w.org\/{rel}","templated":true}]}}

Grønn møbelteip Italia 15 mm

<p>Grønn dekorativ tape Italia møbelteip<br />
Grunnfarge grønn, skimrende i ulike farger/nyanser<br />
selges per meter<br />
15 mm</p>
